e factors of 74624?
2, 11, 53
What are the prime factors of 105464?
2, 13183
What are the prime factors of 14558?
2, 29, 251
What are the prime factors of 8461?
8461
List the prime factors of 257.
257
List the prime factors of 2975.
5, 7, 17
List the prime factors of 7857.
3, 97
What are the prime factors of 28653?
3, 9551
List the prime factors of 860.
2, 5, 43
What are the prime factors of 100233?
3, 7, 37, 43
List the prime factors of 2847.
3, 13, 73
List the prime factors of 124271.
7, 41, 433
List the prime factors of 50695.
5, 10139
List the prime factors of 4020.
2, 3, 5, 67
List the prime factors of 1525.
5, 61
List the prime factors of 6534.
2, 3, 11
What are the prime factors of 1576?
2, 197
List the prime factors of 969.
3, 17, 19
List the prime factors of 9784.
2, 1223
What are the prime factors of 1485?
3, 5, 11
What are the prime factors of 301?
7, 43
What are the prime factors of 2486?
2, 11, 113
List the prime factors of 49260.
2, 3, 5, 821
List the prime factors of 11439.
3, 31, 41
List the prime factors of 9738.
2, 3, 541
What are the prime factors of 1370?
2, 5, 137
List the prime factors of 689.
13, 53
List the prime factors of 4291.
7, 613
List the prime factors of 672.
2, 3, 7
What are the prime factors of 539?
7, 11
What are the prime factors of 1996?
2, 499
What are the prime factors of 29513?
11, 2683
List the prime factors of 46096.
2, 43, 67
What are the prime factors of 574?
2, 7, 41
List the prime factors of 2305.
5, 461
List the prime factors of 1756.
2, 439
List the prime factors of 1184.
2, 37
List the prime factors of 1417.
13, 109
What are the prime factors of 8431?
8431
List the prime factors of 425.
5, 17
List the prime factors of 102034.
2, 17, 3001
What are the prime factors of 3035?
5, 607
List the prime factors of 7299.
3, 811
List the prime factors of 2162.
2, 23, 47
What are the prime factors of 25154?
2, 12577
List the prime factors of 721.
7, 103
What are the prime factors of 2706?
2, 3, 11, 41
What are the prime factors of 42695?
5, 8539
What are the prime factors of 576?
2, 3
What are the prime factors of 628?
2, 157
List the prime factors of 383.
383
List the prime factors of 9304.
2, 1163
List the prime factors of 3829.
7, 547
List the prime factors of 9614.
2, 11, 19, 23
What are the prime factors of 17596?
2, 53, 83
What are the prime factors of 1778?
2, 7, 127
List the prime factors of 3749.
23, 163
List the prime factors of 132465.
3, 5, 8831
List the prime factors of 1175.
5, 47
List the prime factors of 1056.
2, 3, 11
List the prime factors of 4593.
3, 1531
List the prime factors of 1175.
5, 47
List the prime factors of 7540.
2, 5, 13, 29
What are the prime factors of 5103?
3, 7
List the prime factors of 119.
7, 17
List the prime factors of 5086.
2, 2543
What are the prime factors of 1325?
5, 53
List the prime factors of 3683.
29, 127
What are the prime factors of 5026?
2, 7, 359
What are the prime factors of 321?
3, 107
List the prime factors of 873.
3, 97
What are the prime factors of 3663?
3, 11, 37
What are the prime factors of 133817?
19, 7043
What are the prime factors of 6644?
2, 11, 151
List the prime factors of 2793.
3, 7, 19
What are the prime factors of 1615?
5, 17, 19
What are the prime factors of 2405?
5, 13, 37
What are the prime factors of 3203?
3203
List the prime factors of 6442.
2, 3221
What are the prime factors of 2719?
2719
List the prime factors of 7395.
3, 5, 17, 29
List the prime factors of 39744.
2, 3, 23
List the prime factors of 3008.
2, 47
What are the prime factors of 686?
2, 7
What are the prime factors of 12193?
89, 137
List the prime factors of 386.
2, 193
What are the prime factors of 87848?
2, 79, 139
List the prime factors of 35633.
13, 2741
List the prime factors of 3986.
2, 1993
What are the prime factors of 321?
3, 107
What are the prime factors of 52107?
3, 11, 1579
What are the prime factors of 1923?
3, 641
List the prime factors of 35259.
3, 7, 23, 73
List the prime factors of 39015.
3, 5, 17
List the prime factors of 38744.
2, 29, 167
What are the prime factors of 13136?
2, 821
What are the prime factors of 6747?
3, 13, 173
What are the prime factors of 92437?
23, 4019
List the prime factors of 89250.
2, 3, 5, 7, 17
List the prime factors of 5834.
2, 2917
What are the prime factors of 18005?
5, 13, 277
List the prime factors of 5095.
5, 1019
List the prime factors of 12996.
2, 3, 19
List the prime factors of 3820.
2, 5, 191
List the prime factors of 1818.
2, 3, 101
What are the prime factors of 891?
3, 11
What are the prime factors of 4165?
5, 7, 17
List the prime factors of 5424.
2, 3, 113
What are the prime factors of 889?
7, 127
What are the prime factors of 81739?
7, 11677
What are the prime factors of 23219?
7, 31, 107
List the prime factors of 1259.
1259
What are the prime factors of 33074?
2, 23, 719
List the prime factors of 1262.
2, 631
What are the prime factors of 2258?
2, 1129
List the prime factors of 5885.
5, 11, 107
List the prime factors of 16844.
2, 4211
What are the prime factors of 3901?
47, 83
List the prime factors of 5071.
11, 461
What are the prime factors of 55135?
5, 11027
What are the prime factors of 103402?
2, 13, 41, 97
List the prime factors of 2451.
3, 19, 43
What are the prime factors of 78505?
5, 7, 2243
List the prime factors of 57269.
57269
What are the prime factors of 36?
2, 3
What are the prime factors of 1776?
2, 3, 37
What are the prime factors of 2381?
2381
List the prime factors of 12313.
7, 1759
What are the prime factors of 22771?
7, 3253
What are the prime factors of 12808?
2, 1601
What are the prime factors of 37744?
2, 7, 337
List the prime factors of 8370.
2, 3, 5, 31
List the prime factors of 608.
2, 19
List the prime factors of 33587.
33587
What are the prime factors of 1901?
1901
What are the prime factors of 1553?
1553
List the prime factors of 1053.
3, 13
List the prime factors of 4982.
2, 47, 53
What are the prime factors of 1581?
3, 17, 31
What are the prime factors of 21901?
11, 181
List the prime factors of 14186.
2, 41, 173
What are the prime factors of 9771?
3, 3257
List the prime factors of 4480.
2, 5, 7
List the prime factors of 77892.
2, 3, 6491
What are the prime factors of 10160?
2, 5, 127
What are the prime factors of 22425?
3, 5, 13, 23
List the prime factors of 4876.
2, 23, 53
List the prime factors of 1917.
3, 71
What are the prime factors of 4087?
61, 67
List the prime factors of 9499.
7, 23, 59
What are the prime factors of 2681?
7, 383
What are the prime factors of 83108?
2, 79, 263
What are the prime factors of 1299?
3, 433
List the prime factors of 63.
3, 7
What are the prime factors of 21820?
2, 5, 1091
List the prime factors of 6455.
5, 1291
List the prime factors of 107912.
2, 7, 41, 47
What are the prime factors of 561?
3, 11, 17
What are the prime factors of 10754?
2, 19, 283
List the prime factors of 44812.
2, 17, 659
What are the prime factors of 1054?
2, 17, 31
What are the prime factors of 6959?
6959
List the prime factors of 316.
2, 79
What are the prime factors of 11216?
2, 701
List the prime factors of 11234.
2, 41, 137
What are the prime factors of 3274?
2, 1637
What are the prime factors of 2440?
2, 5, 61
What are the prime factors of 6052?
2, 17, 89
List the prime factors of 6186.
2, 3, 1031
What are the prime factors of 1730?
2, 5, 173
What are the prime factors of 43297?
29, 1493
List the prime factors of 40075.
5, 7, 229
What are the prime factors of 115656?
2, 3, 61, 79
What are the prime factors of 17357?
17, 1021
List the prime factors of 1492.
2, 373
What are the prime factors of 5653?
5653
List the prime factors of 28.
2, 7
List the prime factors of 15900.
2, 3, 5, 53
What are the prime factors of 55207?
55207
List the prime factors of 1630.
2, 5, 163
What are the prime factors of 171530?
2, 5, 17, 1009
What are the prime factors of 17663?
17, 1039
List the prime factors of 103997.
103997
What are the prime factors of 78537?
3, 47, 557
What are the prime factors of 1366?
2, 683
What are the prime factors of 83935?
5, 16787
List the prime factors of 2385.
3, 5, 53
What are the prime factors of 1490?
2, 5, 149
List the prime factors of 2073.
3, 691
What are the prime factors of 11885?
5, 2377
What are the prime factors of 1856?
2, 29
List the prime fac